{"id":158,"date":"2021-09-06T16:21:45","date_gmt":"2021-09-06T19:21:45","guid":{"rendered":"http:\/\/039-cnsr.isf-uy.com\/?page_id=158"},"modified":"2024-03-01T00:56:47","modified_gmt":"2024-03-01T03:56:47","slug":"propuesta-idiomas","status":"publish","type":"page","link":"https:\/\/rosarinos.edu.uy\/index.php\/propuesta-idiomas\/","title":{"rendered":"Propuesta Idiomas"},"content":{"rendered":"<p><img loading=\"lazy\" decoding=\"async\" class=\"wp-image-533 aligncenter\" src=\"https:\/\/rosarinos.edu.uy\/wp-content\/uploads\/2021\/09\/banderas_paises.png\" alt=\"\" width=\"654\" height=\"134\" srcset=\"https:\/\/rosarinos.edu.uy\/wp-content\/uploads\/2021\/09\/banderas_paises.png 850w, https:\/\/rosarinos.edu.uy\/wp-content\/uploads\/2021\/09\/banderas_paises-300x61.png 300w, https:\/\/rosarinos.edu.uy\/wp-content\/uploads\/2021\/09\/banderas_paises-768x157.png 768w\" sizes=\"auto, (max-width: 654px) 85vw, 654px\" \/><\/p>\n<h5><span style=\"color: #7b1722;\">Calidad acad\u00e9mica en cuatro idiomas<\/span><\/h5>\n<p><span style=\"font-weight: 400;\">Nuestra instituci\u00f3n sostiene una mirada global del momento actual, desafiante, cambiante y globalizado. En ese contexto, los idiomas resultan herramientas fundamentales para el correcto desarrollo de nuestro proyecto educativo. Es as\u00ed que nos encontramos implementando un programa de idiomas espec\u00edfico, mediante la ense\u00f1anza de segundas lenguas. Con un fuerte \u00e9nfasis en el manejo de nuestro idioma como base de las habilidades de lecto-escritura y competencia ling\u00fc\u00edstica materna, hemos incorporado tambi\u00e9n a nuestra curr\u00edcula un fortalecimiento del idioma ingl\u00e9s, as\u00ed como tambi\u00e9n del italiano y el portugu\u00e9s.<\/span><\/p>\n<h5><span style=\"color: #7b1722;\">Ingl\u00e9s<\/span><\/h5>\n<p><span style=\"font-weight: 400;\"><strong>Educaci\u00f3n Inicial.<\/strong> Todos nuestros alumnos de Educaci\u00f3n Inicial tienen clases de ingl\u00e9s desde los 2 a\u00f1os.<\/span><\/p>\n<p><strong>Educaci\u00f3n Primaria.<\/strong> Tras superar en 2023 las fases de pilotaje, nos preparamos para ser pioneros de la inteligencia artificial aplicada a las clases de ingl\u00e9s. Estamos muy contentos de poder seguir mejorando las herramientas que los alumnos encuentran en su experiencia de educaci\u00f3n integral en el Colegio a trav\u00e9s de la incorporaci\u00f3n de Imagine Learning. Esta herramienta, ampliamente extendida en pa\u00edses como Estados Unidos, Chile y Costa Rica, permite al alumno un aprendizaje de ingl\u00e9s personalizado y l\u00fadico.<\/p>\n<p><img loading=\"lazy\" decoding=\"async\" class=\"alignnone size-large wp-image-3680\" src=\"https:\/\/rosarinos.edu.uy\/wp-content\/uploads\/2024\/03\/IL-ROSARINOS-840x504.png\" alt=\"\" width=\"840\" height=\"504\" srcset=\"https:\/\/rosarinos.edu.uy\/wp-content\/uploads\/2024\/03\/IL-ROSARINOS-840x504.png 840w, https:\/\/rosarinos.edu.uy\/wp-content\/uploads\/2024\/03\/IL-ROSARINOS-300x180.png 300w, https:\/\/rosarinos.edu.uy\/wp-content\/uploads\/2024\/03\/IL-ROSARINOS-768x461.png 768w, https:\/\/rosarinos.edu.uy\/wp-content\/uploads\/2024\/03\/IL-ROSARINOS-1536x922.png 1536w, https:\/\/rosarinos.edu.uy\/wp-content\/uploads\/2024\/03\/IL-ROSARINOS-1200x720.png 1200w, https:\/\/rosarinos.edu.uy\/wp-content\/uploads\/2024\/03\/IL-ROSARINOS.png 2000w\" sizes=\"auto, (max-width: 709px) 85vw, (max-width: 909px) 67vw, (max-width: 1362px) 62vw, 840px\" \/><\/p>\n<h5><span style=\"color: #7b1722;\">Italiano<\/span><\/h5>\n<p><span style=\"font-weight: 400;\">Desde 2021 hemos incorporado para los alumnos de 3er. A\u00f1o de Primaria en adelante cursos de Lengua y Cultura Italiana, siendo pioneros en la materia en la zona. Los indiscutibles lazos hist\u00f3ricos, culturales, deportivos, religiosos y geneal\u00f3gicos de nuestro pa\u00eds con la pen\u00ednsula italiana, hacen de nuestras clases de italiano un espacio muy enriquecedor para nuestros alumnos.<\/span><\/p>\n<h5><span style=\"color: #7b1722;\">Portugu\u00e9s<\/span><\/h5>\n<p><b> <\/b><span style=\"font-weight: 400;\">Para 2022 estaremos incorporando un idioma de indiscutible importancia para nuestro contexto geogr\u00e1fico e hist\u00f3rico, tan ligado al territorio hoy brasile\u00f1o desde antes de\u00a0 nuestra Independencia. Son notorios adem\u00e1s los v\u00ednculos tur\u00edsticos, econ\u00f3micos, pol\u00edticos, sociales y familiares de nuestro pa\u00eds con el pa\u00eds norte\u00f1o. Es as\u00ed que, con este idioma, estaremos sembrando en nuestros alumnos m\u00e1s herramientas para una formaci\u00f3n integral con visi\u00f3n mundial.\u00a0<\/span><\/p>\n<p>&nbsp;<\/p>\n","protected":false},"excerpt":{"rendered":"<p>Calidad acad\u00e9mica en cuatro idiomas Nuestra instituci\u00f3n sostiene una mirada global del momento actual, desafiante, cambiante y globalizado. En ese contexto, los idiomas resultan herramientas fundamentales para el correcto desarrollo de nuestro proyecto educativo. Es as\u00ed que nos encontramos implementando un programa de idiomas espec\u00edfico, mediante la ense\u00f1anza de segundas lenguas. Con un fuerte \u00e9nfasis &hellip; <a href=\"https:\/\/rosarinos.edu.uy\/index.php\/propuesta-idiomas\/\" class=\"more-link\">Continue reading<span class=\"screen-reader-text\"> \u00abPropuesta Idiomas\u00bb<\/span><\/a><\/p>\n","protected":false},"author":1,"featured_media":0,"parent":0,"menu_order":0,"comment_status":"closed","ping_status":"closed","template":"","meta":{"footnotes":""},"class_list":["post-158","page","type-page","status-publish","hentry"],"yoast_head":"<!-- This site is optimized with the Yoast SEO plugin v27.4 - https:\/\/yoast.com\/product\/yoast-seo-wordpress\/ -->\n<title>Propuesta Idiomas - Colegio Nuestra Se\u00f1ora del Rosario<\/title>\n<meta name=\"robots\" content=\"index, follow, max-snippet:-1, max-image-preview:large, max-video-preview:-1\" \/>\n<link rel=\"canonical\" href=\"https:\/\/rosarinos.edu.uy\/index.php\/propuesta-idiomas\/\" \/>\n<meta property=\"og:locale\" content=\"es_ES\" \/>\n<meta property=\"og:type\" content=\"article\" \/>\n<meta property=\"og:title\" content=\"Propuesta Idiomas - Colegio Nuestra Se\u00f1ora del Rosario\" \/>\n<meta property=\"og:description\" content=\"Calidad acad\u00e9mica en cuatro idiomas Nuestra instituci\u00f3n sostiene una mirada global del momento actual, desafiante, cambiante y globalizado. En ese contexto, los idiomas resultan herramientas fundamentales para el correcto desarrollo de nuestro proyecto educativo. Es as\u00ed que nos encontramos implementando un programa de idiomas espec\u00edfico, mediante la ense\u00f1anza de segundas lenguas. Con un fuerte \u00e9nfasis &hellip; Continue reading &quot;Propuesta Idiomas&quot;\" \/>\n<meta property=\"og:url\" content=\"https:\/\/rosarinos.edu.uy\/index.php\/propuesta-idiomas\/\" \/>\n<meta property=\"og:site_name\" content=\"Colegio Nuestra Se\u00f1ora del Rosario\" \/>\n<meta property=\"article:modified_time\" content=\"2024-03-01T03:56:47+00:00\" \/>\n<meta property=\"og:image\" content=\"https:\/\/rosarinos.edu.uy\/wp-content\/uploads\/2021\/09\/banderas_paises.png\" \/>\n<meta name=\"twitter:card\" content=\"summary_large_image\" \/>\n<meta name=\"twitter:label1\" content=\"Tiempo de lectura\" \/>\n\t<meta name=\"twitter:data1\" content=\"2 minutos\" \/>\n<script type=\"application\/ld+json\" class=\"yoast-schema-graph\">{\"@context\":\"https:\\\/\\\/schema.org\",\"@graph\":[{\"@type\":\"WebPage\",\"@id\":\"https:\\\/\\\/rosarinos.edu.uy\\\/index.php\\\/propuesta-idiomas\\\/\",\"url\":\"https:\\\/\\\/rosarinos.edu.uy\\\/index.php\\\/propuesta-idiomas\\\/\",\"name\":\"Propuesta Idiomas - Colegio Nuestra Se\u00f1ora del Rosario\",\"isPartOf\":{\"@id\":\"https:\\\/\\\/rosarinos.edu.uy\\\/#website\"},\"primaryImageOfPage\":{\"@id\":\"https:\\\/\\\/rosarinos.edu.uy\\\/index.php\\\/propuesta-idiomas\\\/#primaryimage\"},\"image\":{\"@id\":\"https:\\\/\\\/rosarinos.edu.uy\\\/index.php\\\/propuesta-idiomas\\\/#primaryimage\"},\"thumbnailUrl\":\"https:\\\/\\\/rosarinos.edu.uy\\\/wp-content\\\/uploads\\\/2021\\\/09\\\/banderas_paises.png\",\"datePublished\":\"2021-09-06T19:21:45+00:00\",\"dateModified\":\"2024-03-01T03:56:47+00:00\",\"breadcrumb\":{\"@id\":\"https:\\\/\\\/rosarinos.edu.uy\\\/index.php\\\/propuesta-idiomas\\\/#breadcrumb\"},\"inLanguage\":\"es\",\"potentialAction\":[{\"@type\":\"ReadAction\",\"target\":[\"https:\\\/\\\/rosarinos.edu.uy\\\/index.php\\\/propuesta-idiomas\\\/\"]}]},{\"@type\":\"ImageObject\",\"inLanguage\":\"es\",\"@id\":\"https:\\\/\\\/rosarinos.edu.uy\\\/index.php\\\/propuesta-idiomas\\\/#primaryimage\",\"url\":\"https:\\\/\\\/rosarinos.edu.uy\\\/wp-content\\\/uploads\\\/2021\\\/09\\\/banderas_paises.png\",\"contentUrl\":\"https:\\\/\\\/rosarinos.edu.uy\\\/wp-content\\\/uploads\\\/2021\\\/09\\\/banderas_paises.png\",\"width\":850,\"height\":174},{\"@type\":\"BreadcrumbList\",\"@id\":\"https:\\\/\\\/rosarinos.edu.uy\\\/index.php\\\/propuesta-idiomas\\\/#breadcrumb\",\"itemListElement\":[{\"@type\":\"ListItem\",\"position\":1,\"name\":\"Home\",\"item\":\"https:\\\/\\\/rosarinos.edu.uy\\\/\"},{\"@type\":\"ListItem\",\"position\":2,\"name\":\"Propuesta Idiomas\"}]},{\"@type\":\"WebSite\",\"@id\":\"https:\\\/\\\/rosarinos.edu.uy\\\/#website\",\"url\":\"https:\\\/\\\/rosarinos.edu.uy\\\/\",\"name\":\"Colegio Nuestra Se\u00f1ora del Rosario\",\"description\":\"Nuestra identidad como Colegio se compone de la suma de distintos aspectos que nos hacen una instituci\u00f3n educativa con caracter\u00edsticas propias, donde toda la comunidad educativa vive una experiencia \u00fanica.\",\"potentialAction\":[{\"@type\":\"SearchAction\",\"target\":{\"@type\":\"EntryPoint\",\"urlTemplate\":\"https:\\\/\\\/rosarinos.edu.uy\\\/?s={search_term_string}\"},\"query-input\":{\"@type\":\"PropertyValueSpecification\",\"valueRequired\":true,\"valueName\":\"search_term_string\"}}],\"inLanguage\":\"es\"}]}<\/script>\n<!-- \/ Yoast SEO plugin. -->","yoast_head_json":{"title":"Propuesta Idiomas - Colegio Nuestra Se\u00f1ora del Rosario","robots":{"index":"index","follow":"follow","max-snippet":"max-snippet:-1","max-image-preview":"max-image-preview:large","max-video-preview":"max-video-preview:-1"},"canonical":"https:\/\/rosarinos.edu.uy\/index.php\/propuesta-idiomas\/","og_locale":"es_ES","og_type":"article","og_title":"Propuesta Idiomas - Colegio Nuestra Se\u00f1ora del Rosario","og_description":"Calidad acad\u00e9mica en cuatro idiomas Nuestra instituci\u00f3n sostiene una mirada global del momento actual, desafiante, cambiante y globalizado. En ese contexto, los idiomas resultan herramientas fundamentales para el correcto desarrollo de nuestro proyecto educativo. Es as\u00ed que nos encontramos implementando un programa de idiomas espec\u00edfico, mediante la ense\u00f1anza de segundas lenguas. Con un fuerte \u00e9nfasis &hellip; Continue reading \"Propuesta Idiomas\"","og_url":"https:\/\/rosarinos.edu.uy\/index.php\/propuesta-idiomas\/","og_site_name":"Colegio Nuestra Se\u00f1ora del Rosario","article_modified_time":"2024-03-01T03:56:47+00:00","og_image":[{"url":"https:\/\/rosarinos.edu.uy\/wp-content\/uploads\/2021\/09\/banderas_paises.png","type":"","width":"","height":""}],"twitter_card":"summary_large_image","twitter_misc":{"Tiempo de lectura":"2 minutos"},"schema":{"@context":"https:\/\/schema.org","@graph":[{"@type":"WebPage","@id":"https:\/\/rosarinos.edu.uy\/index.php\/propuesta-idiomas\/","url":"https:\/\/rosarinos.edu.uy\/index.php\/propuesta-idiomas\/","name":"Propuesta Idiomas - Colegio Nuestra Se\u00f1ora del Rosario","isPartOf":{"@id":"https:\/\/rosarinos.edu.uy\/#website"},"primaryImageOfPage":{"@id":"https:\/\/rosarinos.edu.uy\/index.php\/propuesta-idiomas\/#primaryimage"},"image":{"@id":"https:\/\/rosarinos.edu.uy\/index.php\/propuesta-idiomas\/#primaryimage"},"thumbnailUrl":"https:\/\/rosarinos.edu.uy\/wp-content\/uploads\/2021\/09\/banderas_paises.png","datePublished":"2021-09-06T19:21:45+00:00","dateModified":"2024-03-01T03:56:47+00:00","breadcrumb":{"@id":"https:\/\/rosarinos.edu.uy\/index.php\/propuesta-idiomas\/#breadcrumb"},"inLanguage":"es","potentialAction":[{"@type":"ReadAction","target":["https:\/\/rosarinos.edu.uy\/index.php\/propuesta-idiomas\/"]}]},{"@type":"ImageObject","inLanguage":"es","@id":"https:\/\/rosarinos.edu.uy\/index.php\/propuesta-idiomas\/#primaryimage","url":"https:\/\/rosarinos.edu.uy\/wp-content\/uploads\/2021\/09\/banderas_paises.png","contentUrl":"https:\/\/rosarinos.edu.uy\/wp-content\/uploads\/2021\/09\/banderas_paises.png","width":850,"height":174},{"@type":"BreadcrumbList","@id":"https:\/\/rosarinos.edu.uy\/index.php\/propuesta-idiomas\/#breadcrumb","itemListElement":[{"@type":"ListItem","position":1,"name":"Home","item":"https:\/\/rosarinos.edu.uy\/"},{"@type":"ListItem","position":2,"name":"Propuesta Idiomas"}]},{"@type":"WebSite","@id":"https:\/\/rosarinos.edu.uy\/#website","url":"https:\/\/rosarinos.edu.uy\/","name":"Colegio Nuestra Se\u00f1ora del Rosario","description":"Nuestra identidad como Colegio se compone de la suma de distintos aspectos que nos hacen una instituci\u00f3n educativa con caracter\u00edsticas propias, donde toda la comunidad educativa vive una experiencia \u00fanica.","potentialAction":[{"@type":"SearchAction","target":{"@type":"EntryPoint","urlTemplate":"https:\/\/rosarinos.edu.uy\/?s={search_term_string}"},"query-input":{"@type":"PropertyValueSpecification","valueRequired":true,"valueName":"search_term_string"}}],"inLanguage":"es"}]}},"_links":{"self":[{"href":"https:\/\/rosarinos.edu.uy\/index.php\/wp-json\/wp\/v2\/pages\/158","targetHints":{"allow":["GET"]}}],"collection":[{"href":"https:\/\/rosarinos.edu.uy\/index.php\/wp-json\/wp\/v2\/pages"}],"about":[{"href":"https:\/\/rosarinos.edu.uy\/index.php\/wp-json\/wp\/v2\/types\/page"}],"author":[{"embeddable":true,"href":"https:\/\/rosarinos.edu.uy\/index.php\/wp-json\/wp\/v2\/users\/1"}],"replies":[{"embeddable":true,"href":"https:\/\/rosarinos.edu.uy\/index.php\/wp-json\/wp\/v2\/comments?post=158"}],"version-history":[{"count":15,"href":"https:\/\/rosarinos.edu.uy\/index.php\/wp-json\/wp\/v2\/pages\/158\/revisions"}],"predecessor-version":[{"id":3681,"href":"https:\/\/rosarinos.edu.uy\/index.php\/wp-json\/wp\/v2\/pages\/158\/revisions\/3681"}],"wp:attachment":[{"href":"https:\/\/rosarinos.edu.uy\/index.php\/wp-json\/wp\/v2\/media?parent=158"}],"curies":[{"name":"wp","href":"https:\/\/api.w.org\/{rel}","templated":true}]}}