{"id":146,"date":"2021-09-06T16:10:20","date_gmt":"2021-09-06T19:10:20","guid":{"rendered":"http:\/\/039-cnsr.isf-uy.com\/?page_id=146"},"modified":"2021-09-17T14:01:26","modified_gmt":"2021-09-17T17:01:26","slug":"iglesia-cristo-obrero","status":"publish","type":"page","link":"https:\/\/rosarinos.edu.uy\/index.php\/iglesia-cristo-obrero\/","title":{"rendered":"Iglesia Cristo Obrero"},"content":{"rendered":"<p><span style=\"font-weight: 400;\">La Iglesia Cristo Obrero y el Colegio Nuestra Se\u00f1ora del Rosario conforman un conjunto cultural complementario e indivisible. Para nuestros alumnos, la Iglesia Cristo Obrero forma parte de su segunda casa, de su paisaje cotidiano y de momentos especiales en su vida educativa, como celebraciones y sacramentos.<\/span><\/p>\n<p><img loading=\"lazy\" decoding=\"async\" class=\"img_class aligncenter wp-image-604 size-full\" src=\"https:\/\/rosarinos.edu.uy\/wp-content\/uploads\/2021\/09\/iglesia.png\" alt=\"\" width=\"834\" height=\"556\" srcset=\"https:\/\/rosarinos.edu.uy\/wp-content\/uploads\/2021\/09\/iglesia.png 834w, https:\/\/rosarinos.edu.uy\/wp-content\/uploads\/2021\/09\/iglesia-300x200.png 300w, https:\/\/rosarinos.edu.uy\/wp-content\/uploads\/2021\/09\/iglesia-768x512.png 768w\" sizes=\"auto, (max-width: 834px) 85vw, 834px\" \/><\/p>\n<p><span style=\"font-weight: 400;\">La Iglesia Cristo Obrero se trata de una obra del ingeniero uruguayo Eladio Dieste construida en 1959. Consiste en una construcci\u00f3n de paredes y techos ondulados, realizada completamente de ladrillos a la vista, sin columnas ni vigas, tiene adem\u00e1s una torre de 15 metros de altura con paredes caladas. En su interior existe un Cristo tallado en madera el cual fue realizado por el escultor Eduardo D\u00edaz Yepes y un altar de bloque de granito verde en bruto.<\/span><\/p>\n<p><span style=\"font-weight: 400;\">Desde sus propias exploraciones sobre las b\u00f3vedas, Dieste, logr\u00f3 en un principio construir un sistema de b\u00f3vedas de hormig\u00f3n armado que le permitieron experimentar posteriormente con el ladrillo en superficies laminares, desarrollando en el proceso la tecnolog\u00eda constructiva que \u00e9l denomin\u00f3 como cer\u00e1mica armada en un analog\u00eda con el hormig\u00f3n armado.<\/span><\/p>\n<p><span style=\"font-weight: 400;\">Con un intenso c\u00e1lculo matem\u00e1tico, este proyecto utiliz\u00f3 el ladrillo como elemento organizador de la pl\u00e1stica del edificio, intentando alejarse de los sistemas internacionales de construcci\u00f3n. Seg\u00fan Dieste \u201duna arquitectura sana no puede producirse sin un uso racional y econ\u00f3mico de los materiales de la construcci\u00f3n\u201d<\/span><\/p>\n<p><span style=\"font-weight: 400;\">Esta liviana estructura, con un costo parecido al de un galp\u00f3n, es un objeto arquitect\u00f3nico, con una gran proeza estructural, llevando a su m\u00e1ximo esplendor las posibilidades expresivas del ladrillo.<\/span><\/p>\n<p><span style=\"font-weight: 400;\">La iglesia tiene una nave rectangular de 16 por 30 metros en planta construida completamente de cer\u00e1mica reforzada y armaduras de acero. Sus muros miden 7 metros de altura y tienen forma conoidal, adem\u00e1s la cubierta posee cierta ondulaci\u00f3n que acompa\u00f1a el lenguaje del proyecto.<\/span><\/p>\n<p><span style=\"font-weight: 400;\">Por su dise\u00f1o de una nave unitaria el espacio interior adquiere la forma ondulante que le entregan el techo y las paredes adem\u00e1s de un trabajo con las entradas de luz.<\/span><\/p>\n<p><span style=\"font-weight: 400;\">En la entrada se encuentra el coro ubicado sobre un altillo forjado con cer\u00e1mica. Este espacio se cierra al exterior a partir de un muro formado por paneles de ladrillos girados respecto del plano de la pared. La intenci\u00f3n de este sutil movimiento es dar la idea de un front\u00f3n que parece dominar la fachada principal y adem\u00e1s generar matices que adquiere de la luz natural generando contrastes y degradados en el interior.<\/span><\/p>\n<p><span style=\"font-weight: 400;\">Gracias a su amplio espacio interior el edificio plantea una organizaci\u00f3n en donde todos los usuarios puedan sentirse part\u00edcipes de la liturgia, como una iglesia unitaria. A unos 8 metros de uno de los muros laterales y un poco m\u00e1s atr\u00e1s de la fachada, se levanta el campanario. Se trata de una torre circular de unos 3 metros de di\u00e1metro y con muros de 30 cm. Tambi\u00e9n construida con cer\u00e1mica, su geometr\u00eda es cil\u00edndrica y su secci\u00f3n es constante desde la base hasta la parte superior.<\/span><\/p>\n<h5>Patrimonio Mundial<\/h5>\n<p><span style=\"font-weight: 400;\">La valoraci\u00f3n del sitio patrimonial, de su innovaci\u00f3n t\u00e9cnico-constructiva y calidad arquitect\u00f3nica, as\u00ed como de su inserci\u00f3n en el entorno urbano y la realidad, han merecido la declaraci\u00f3n de la Iglesia Cristo Obrero de Estaci\u00f3n Atl\u00e1ntida como Patrimonio Mundial ante la UNESCO, oficializada el d\u00eda 27 de julio de 2021. Ese d\u00eda, quedar\u00e1 marcado para siempre en la historia de nuestra instituci\u00f3n educativa, ya que nuestros alumnos pudieron seguir en vivo la asamblea de la UNESCO y festejar espont\u00e1neamente el hito que esto confiere para el Colegio.<\/span><\/p>\n<p><iframe loading=\"lazy\" title=\"As\u00ed vivimos en el Cole la sesi\u00f3n de la UNESCO\" width=\"1140\" height=\"641\" src=\"https:\/\/www.youtube.com\/embed\/94w7IPkS9MQ?feature=oembed\" frameborder=\"0\" allow=\"accelerometer; autoplay; clipboard-write; encrypted-media; gyroscope; picture-in-picture\" allowfullscreen><\/iframe><\/p>\n<h5>Talleres del patrimonio<\/h5>\n<p><span style=\"font-weight: 400;\">Desde agosto de 2021, funciona en nuestra instituci\u00f3n un equipo docente especializado en temas arquitect\u00f3nicos, antropol\u00f3gicos, hist\u00f3ricos, culturales y otros, compuesto por docentes de nuestra instituci\u00f3n -entre ellos una arquitecta- y que est\u00e1 trabajando en la coordinaci\u00f3n e implementaci\u00f3n de proyectos educativos especiales en torno a este bien patrimonial, orgullo del Colegio, de la Costa de Oro y del Uruguay. Se apunta a que, en el mediano plazo, nuestros alumnos se encuentren capacitados para ser anfitriones de otros alumnos de instituciones educativas de todo el pa\u00eds que visiten la Iglesia, y as\u00ed poder intercambiar con ellos. Asimismo, se persigue el objetivo de que nuestros alumnos sean capaces de generar conocimiento cient\u00edfico y social en investigaciones sobre la Iglesia Cristo Obrero.<\/span><\/p>\n<p><b>Por consultas y coordinaci\u00f3n de actividades did\u00e1cticas: <a href=\"mailto:patrimonio@rosarinos.edu.uy\">patrimonio@rosarinos.edu.uy<\/a><\/b><\/p>\n\r\n    <div class=\"amazingslider-wrapper\" id=\"amazingslider-wrapper-2\" style=\"display:block;position:relative;max-width:1152px;margin:0px auto 98px;\">\r\n        <div class=\"amazingslider\" id=\"amazingslider-2\" style=\"display:block;position:relative;margin:0 auto;\">\r\n            <ul class=\"amazingslider-slides\" style=\"display:none;\">\r\n                <li><img decoding=\"async\" src=\"https:\/\/rosarinos.edu.uy\/wp-content\/uploads\/amazingslider\/2\/images\/i-010.png\" alt=\"i-010\"  title=\"i-010\" \/>\r\n                <\/li>\r\n                <li><img decoding=\"async\" src=\"https:\/\/rosarinos.edu.uy\/wp-content\/uploads\/amazingslider\/2\/images\/i-020.png\" alt=\"i-020\"  title=\"i-020\" \/>\r\n                <\/li>\r\n                <li><img decoding=\"async\" src=\"https:\/\/rosarinos.edu.uy\/wp-content\/uploads\/amazingslider\/2\/images\/i-025.png\" alt=\"i-025\"  title=\"i-025\" \/>\r\n                <\/li>\r\n                <li><img decoding=\"async\" src=\"https:\/\/rosarinos.edu.uy\/wp-content\/uploads\/amazingslider\/2\/images\/i-040.png\" alt=\"i-040\"  title=\"i-040\" \/>\r\n                <\/li>\r\n                <li><img decoding=\"async\" src=\"https:\/\/rosarinos.edu.uy\/wp-content\/uploads\/amazingslider\/2\/images\/i-050.png\" alt=\"i-050\"  title=\"i-050\" \/>\r\n                <\/li>\r\n                <li><img decoding=\"async\" src=\"https:\/\/rosarinos.edu.uy\/wp-content\/uploads\/amazingslider\/2\/images\/i-055.png\" alt=\"i-055\"  title=\"i-055\" \/>\r\n                <\/li>\r\n                <li><img decoding=\"async\" src=\"https:\/\/rosarinos.edu.uy\/wp-content\/uploads\/amazingslider\/2\/images\/i-060.png\" alt=\"i-060\"  title=\"i-060\" \/>\r\n                <\/li>\r\n                <li><img decoding=\"async\" src=\"https:\/\/rosarinos.edu.uy\/wp-content\/uploads\/amazingslider\/2\/images\/i-070.png\" alt=\"i-070\"  title=\"i-070\" \/>\r\n                <\/li>\r\n                <li><img decoding=\"async\" src=\"https:\/\/rosarinos.edu.uy\/wp-content\/uploads\/amazingslider\/2\/images\/i-080.png\" alt=\"i-080\"  title=\"i-080\" \/>\r\n                <\/li>\r\n                <li><img decoding=\"async\" src=\"https:\/\/rosarinos.edu.uy\/wp-content\/uploads\/amazingslider\/2\/images\/i-090.png\" alt=\"i-090\"  title=\"i-090\" \/>\r\n                <\/li>\r\n            <\/ul>\r\n            <ul class=\"amazingslider-thumbnails\" style=\"display:none;\">\r\n                <li><img decoding=\"async\" src=\"https:\/\/rosarinos.edu.uy\/wp-content\/uploads\/amazingslider\/2\/images\/thumbnails\/i-010-tn.png\" alt=\"i-010\" title=\"i-010\" \/><\/li>\r\n                <li><img decoding=\"async\" src=\"https:\/\/rosarinos.edu.uy\/wp-content\/uploads\/amazingslider\/2\/images\/thumbnails\/i-020-tn.png\" alt=\"i-020\" title=\"i-020\" \/><\/li>\r\n                <li><img decoding=\"async\" src=\"https:\/\/rosarinos.edu.uy\/wp-content\/uploads\/amazingslider\/2\/images\/thumbnails\/i-025-tn.png\" alt=\"i-025\" title=\"i-025\" \/><\/li>\r\n                <li><img decoding=\"async\" src=\"https:\/\/rosarinos.edu.uy\/wp-content\/uploads\/amazingslider\/2\/images\/thumbnails\/i-040-tn.png\" alt=\"i-040\" title=\"i-040\" \/><\/li>\r\n                <li><img decoding=\"async\" src=\"https:\/\/rosarinos.edu.uy\/wp-content\/uploads\/amazingslider\/2\/images\/thumbnails\/i-050-tn.png\" alt=\"i-050\" title=\"i-050\" \/><\/li>\r\n                <li><img decoding=\"async\" src=\"https:\/\/rosarinos.edu.uy\/wp-content\/uploads\/amazingslider\/2\/images\/thumbnails\/i-055-tn.png\" alt=\"i-055\" title=\"i-055\" \/><\/li>\r\n                <li><img decoding=\"async\" src=\"https:\/\/rosarinos.edu.uy\/wp-content\/uploads\/amazingslider\/2\/images\/thumbnails\/i-060-tn.png\" alt=\"i-060\" title=\"i-060\" \/><\/li>\r\n                <li><img decoding=\"async\" src=\"https:\/\/rosarinos.edu.uy\/wp-content\/uploads\/amazingslider\/2\/images\/thumbnails\/i-070-tn.png\" alt=\"i-070\" title=\"i-070\" \/><\/li>\r\n                <li><img decoding=\"async\" src=\"https:\/\/rosarinos.edu.uy\/wp-content\/uploads\/amazingslider\/2\/images\/thumbnails\/i-080-tn.png\" alt=\"i-080\" title=\"i-080\" \/><\/li>\r\n                <li><img decoding=\"async\" src=\"https:\/\/rosarinos.edu.uy\/wp-content\/uploads\/amazingslider\/2\/images\/thumbnails\/i-090-tn.png\" alt=\"i-090\" title=\"i-090\" \/><\/li>\r\n            <\/ul>\r\n        <\/div>\r\n    <\/div>\r\n    <link rel=\"stylesheet\" type=\"text\/css\" href=\"https:\/\/rosarinos.edu.uy\/wp-content\/uploads\/amazingslider\/2\/sliderengine\/amazingslider.css\">\n<script src=\"https:\/\/rosarinos.edu.uy\/wp-content\/uploads\/amazingslider\/2\/sliderengine\/initslider.js\"><\/script>\n\n","protected":false},"excerpt":{"rendered":"<p>La Iglesia Cristo Obrero y el Colegio Nuestra Se\u00f1ora del Rosario conforman un conjunto cultural complementario e indivisible. Para nuestros alumnos, la Iglesia Cristo Obrero forma parte de su segunda casa, de su paisaje cotidiano y de momentos especiales en su vida educativa, como celebraciones y sacramentos. La Iglesia Cristo Obrero se trata de una &hellip; <a href=\"https:\/\/rosarinos.edu.uy\/index.php\/iglesia-cristo-obrero\/\" class=\"more-link\">Continue reading<span class=\"screen-reader-text\"> \u00abIglesia Cristo Obrero\u00bb<\/span><\/a><\/p>\n","protected":false},"author":1,"featured_media":0,"parent":0,"menu_order":0,"comment_status":"closed","ping_status":"closed","template":"","meta":{"footnotes":""},"class_list":["post-146","page","type-page","status-publish","hentry"],"yoast_head":"<!-- This site is optimized with the Yoast SEO plugin v27.4 - https:\/\/yoast.com\/product\/yoast-seo-wordpress\/ -->\n<title>Iglesia Cristo Obrero - Colegio Nuestra Se\u00f1ora del Rosario<\/title>\n<meta name=\"robots\" content=\"index, follow, max-snippet:-1, max-image-preview:large, max-video-preview:-1\" \/>\n<link rel=\"canonical\" href=\"https:\/\/rosarinos.edu.uy\/index.php\/iglesia-cristo-obrero\/\" \/>\n<meta property=\"og:locale\" content=\"es_ES\" \/>\n<meta property=\"og:type\" content=\"article\" \/>\n<meta property=\"og:title\" content=\"Iglesia Cristo Obrero - Colegio Nuestra Se\u00f1ora del Rosario\" \/>\n<meta property=\"og:description\" content=\"La Iglesia Cristo Obrero y el Colegio Nuestra Se\u00f1ora del Rosario conforman un conjunto cultural complementario e indivisible. Para nuestros alumnos, la Iglesia Cristo Obrero forma parte de su segunda casa, de su paisaje cotidiano y de momentos especiales en su vida educativa, como celebraciones y sacramentos. La Iglesia Cristo Obrero se trata de una &hellip; Continue reading &quot;Iglesia Cristo Obrero&quot;\" \/>\n<meta property=\"og:url\" content=\"https:\/\/rosarinos.edu.uy\/index.php\/iglesia-cristo-obrero\/\" \/>\n<meta property=\"og:site_name\" content=\"Colegio Nuestra Se\u00f1ora del Rosario\" \/>\n<meta property=\"article:modified_time\" content=\"2021-09-17T17:01:26+00:00\" \/>\n<meta property=\"og:image\" content=\"https:\/\/rosarinos.edu.uy\/wp-content\/uploads\/2021\/09\/iglesia.png\" \/>\n<meta name=\"twitter:card\" content=\"summary_large_image\" \/>\n<meta name=\"twitter:label1\" content=\"Tiempo de lectura\" \/>\n\t<meta name=\"twitter:data1\" content=\"4 minutos\" \/>\n<script type=\"application\/ld+json\" class=\"yoast-schema-graph\">{\"@context\":\"https:\\\/\\\/schema.org\",\"@graph\":[{\"@type\":\"WebPage\",\"@id\":\"https:\\\/\\\/rosarinos.edu.uy\\\/index.php\\\/iglesia-cristo-obrero\\\/\",\"url\":\"https:\\\/\\\/rosarinos.edu.uy\\\/index.php\\\/iglesia-cristo-obrero\\\/\",\"name\":\"Iglesia Cristo Obrero - Colegio Nuestra Se\u00f1ora del Rosario\",\"isPartOf\":{\"@id\":\"https:\\\/\\\/rosarinos.edu.uy\\\/#website\"},\"primaryImageOfPage\":{\"@id\":\"https:\\\/\\\/rosarinos.edu.uy\\\/index.php\\\/iglesia-cristo-obrero\\\/#primaryimage\"},\"image\":{\"@id\":\"https:\\\/\\\/rosarinos.edu.uy\\\/index.php\\\/iglesia-cristo-obrero\\\/#primaryimage\"},\"thumbnailUrl\":\"https:\\\/\\\/rosarinos.edu.uy\\\/wp-content\\\/uploads\\\/2021\\\/09\\\/iglesia.png\",\"datePublished\":\"2021-09-06T19:10:20+00:00\",\"dateModified\":\"2021-09-17T17:01:26+00:00\",\"breadcrumb\":{\"@id\":\"https:\\\/\\\/rosarinos.edu.uy\\\/index.php\\\/iglesia-cristo-obrero\\\/#breadcrumb\"},\"inLanguage\":\"es\",\"potentialAction\":[{\"@type\":\"ReadAction\",\"target\":[\"https:\\\/\\\/rosarinos.edu.uy\\\/index.php\\\/iglesia-cristo-obrero\\\/\"]}]},{\"@type\":\"ImageObject\",\"inLanguage\":\"es\",\"@id\":\"https:\\\/\\\/rosarinos.edu.uy\\\/index.php\\\/iglesia-cristo-obrero\\\/#primaryimage\",\"url\":\"https:\\\/\\\/rosarinos.edu.uy\\\/wp-content\\\/uploads\\\/2021\\\/09\\\/iglesia.png\",\"contentUrl\":\"https:\\\/\\\/rosarinos.edu.uy\\\/wp-content\\\/uploads\\\/2021\\\/09\\\/iglesia.png\",\"width\":834,\"height\":556},{\"@type\":\"BreadcrumbList\",\"@id\":\"https:\\\/\\\/rosarinos.edu.uy\\\/index.php\\\/iglesia-cristo-obrero\\\/#breadcrumb\",\"itemListElement\":[{\"@type\":\"ListItem\",\"position\":1,\"name\":\"Home\",\"item\":\"https:\\\/\\\/rosarinos.edu.uy\\\/\"},{\"@type\":\"ListItem\",\"position\":2,\"name\":\"Iglesia Cristo Obrero\"}]},{\"@type\":\"WebSite\",\"@id\":\"https:\\\/\\\/rosarinos.edu.uy\\\/#website\",\"url\":\"https:\\\/\\\/rosarinos.edu.uy\\\/\",\"name\":\"Colegio Nuestra Se\u00f1ora del Rosario\",\"description\":\"Nuestra identidad como Colegio se compone de la suma de distintos aspectos que nos hacen una instituci\u00f3n educativa con caracter\u00edsticas propias, donde toda la comunidad educativa vive una experiencia \u00fanica.\",\"potentialAction\":[{\"@type\":\"SearchAction\",\"target\":{\"@type\":\"EntryPoint\",\"urlTemplate\":\"https:\\\/\\\/rosarinos.edu.uy\\\/?s={search_term_string}\"},\"query-input\":{\"@type\":\"PropertyValueSpecification\",\"valueRequired\":true,\"valueName\":\"search_term_string\"}}],\"inLanguage\":\"es\"}]}<\/script>\n<!-- \/ Yoast SEO plugin. -->","yoast_head_json":{"title":"Iglesia Cristo Obrero - Colegio Nuestra Se\u00f1ora del Rosario","robots":{"index":"index","follow":"follow","max-snippet":"max-snippet:-1","max-image-preview":"max-image-preview:large","max-video-preview":"max-video-preview:-1"},"canonical":"https:\/\/rosarinos.edu.uy\/index.php\/iglesia-cristo-obrero\/","og_locale":"es_ES","og_type":"article","og_title":"Iglesia Cristo Obrero - Colegio Nuestra Se\u00f1ora del Rosario","og_description":"La Iglesia Cristo Obrero y el Colegio Nuestra Se\u00f1ora del Rosario conforman un conjunto cultural complementario e indivisible. Para nuestros alumnos, la Iglesia Cristo Obrero forma parte de su segunda casa, de su paisaje cotidiano y de momentos especiales en su vida educativa, como celebraciones y sacramentos. La Iglesia Cristo Obrero se trata de una &hellip; Continue reading \"Iglesia Cristo Obrero\"","og_url":"https:\/\/rosarinos.edu.uy\/index.php\/iglesia-cristo-obrero\/","og_site_name":"Colegio Nuestra Se\u00f1ora del Rosario","article_modified_time":"2021-09-17T17:01:26+00:00","og_image":[{"url":"https:\/\/rosarinos.edu.uy\/wp-content\/uploads\/2021\/09\/iglesia.png","type":"","width":"","height":""}],"twitter_card":"summary_large_image","twitter_misc":{"Tiempo de lectura":"4 minutos"},"schema":{"@context":"https:\/\/schema.org","@graph":[{"@type":"WebPage","@id":"https:\/\/rosarinos.edu.uy\/index.php\/iglesia-cristo-obrero\/","url":"https:\/\/rosarinos.edu.uy\/index.php\/iglesia-cristo-obrero\/","name":"Iglesia Cristo Obrero - Colegio Nuestra Se\u00f1ora del Rosario","isPartOf":{"@id":"https:\/\/rosarinos.edu.uy\/#website"},"primaryImageOfPage":{"@id":"https:\/\/rosarinos.edu.uy\/index.php\/iglesia-cristo-obrero\/#primaryimage"},"image":{"@id":"https:\/\/rosarinos.edu.uy\/index.php\/iglesia-cristo-obrero\/#primaryimage"},"thumbnailUrl":"https:\/\/rosarinos.edu.uy\/wp-content\/uploads\/2021\/09\/iglesia.png","datePublished":"2021-09-06T19:10:20+00:00","dateModified":"2021-09-17T17:01:26+00:00","breadcrumb":{"@id":"https:\/\/rosarinos.edu.uy\/index.php\/iglesia-cristo-obrero\/#breadcrumb"},"inLanguage":"es","potentialAction":[{"@type":"ReadAction","target":["https:\/\/rosarinos.edu.uy\/index.php\/iglesia-cristo-obrero\/"]}]},{"@type":"ImageObject","inLanguage":"es","@id":"https:\/\/rosarinos.edu.uy\/index.php\/iglesia-cristo-obrero\/#primaryimage","url":"https:\/\/rosarinos.edu.uy\/wp-content\/uploads\/2021\/09\/iglesia.png","contentUrl":"https:\/\/rosarinos.edu.uy\/wp-content\/uploads\/2021\/09\/iglesia.png","width":834,"height":556},{"@type":"BreadcrumbList","@id":"https:\/\/rosarinos.edu.uy\/index.php\/iglesia-cristo-obrero\/#breadcrumb","itemListElement":[{"@type":"ListItem","position":1,"name":"Home","item":"https:\/\/rosarinos.edu.uy\/"},{"@type":"ListItem","position":2,"name":"Iglesia Cristo Obrero"}]},{"@type":"WebSite","@id":"https:\/\/rosarinos.edu.uy\/#website","url":"https:\/\/rosarinos.edu.uy\/","name":"Colegio Nuestra Se\u00f1ora del Rosario","description":"Nuestra identidad como Colegio se compone de la suma de distintos aspectos que nos hacen una instituci\u00f3n educativa con caracter\u00edsticas propias, donde toda la comunidad educativa vive una experiencia \u00fanica.","potentialAction":[{"@type":"SearchAction","target":{"@type":"EntryPoint","urlTemplate":"https:\/\/rosarinos.edu.uy\/?s={search_term_string}"},"query-input":{"@type":"PropertyValueSpecification","valueRequired":true,"valueName":"search_term_string"}}],"inLanguage":"es"}]}},"_links":{"self":[{"href":"https:\/\/rosarinos.edu.uy\/index.php\/wp-json\/wp\/v2\/pages\/146","targetHints":{"allow":["GET"]}}],"collection":[{"href":"https:\/\/rosarinos.edu.uy\/index.php\/wp-json\/wp\/v2\/pages"}],"about":[{"href":"https:\/\/rosarinos.edu.uy\/index.php\/wp-json\/wp\/v2\/types\/page"}],"author":[{"embeddable":true,"href":"https:\/\/rosarinos.edu.uy\/index.php\/wp-json\/wp\/v2\/users\/1"}],"replies":[{"embeddable":true,"href":"https:\/\/rosarinos.edu.uy\/index.php\/wp-json\/wp\/v2\/comments?post=146"}],"version-history":[{"count":12,"href":"https:\/\/rosarinos.edu.uy\/index.php\/wp-json\/wp\/v2\/pages\/146\/revisions"}],"predecessor-version":[{"id":773,"href":"https:\/\/rosarinos.edu.uy\/index.php\/wp-json\/wp\/v2\/pages\/146\/revisions\/773"}],"wp:attachment":[{"href":"https:\/\/rosarinos.edu.uy\/index.php\/wp-json\/wp\/v2\/media?parent=146"}],"curies":[{"name":"wp","href":"https:\/\/api.w.org\/{rel}","templated":true}]}}