{"id":141,"date":"2021-09-06T15:59:14","date_gmt":"2021-09-06T18:59:14","guid":{"rendered":"http:\/\/039-cnsr.isf-uy.com\/?page_id=141"},"modified":"2021-09-17T14:20:09","modified_gmt":"2021-09-17T17:20:09","slug":"colegio","status":"publish","type":"page","link":"https:\/\/rosarinos.edu.uy\/index.php\/colegio\/","title":{"rendered":"Colegio"},"content":{"rendered":"<p><span style=\"font-weight: 400;\">Nuestra identidad como Colegio se compone de la suma de distintos aspectos que nos hacen una instituci\u00f3n educativa con caracter\u00edsticas propias, donde toda la comunidad educativa vive una experiencia \u00fanica.<\/span><\/p>\n<h5>Una apreciada trayectoria<\/h5>\n<p><span style=\"font-weight: 400;\">\u00a0En 1895, Monse\u00f1or Jos\u00e9 Orzali puso la piedra fundamental de nuestro proyecto educativo cat\u00f3lico. Desde 1964 estamos en la Costa de Oro, consolidando as\u00ed una historia que nos inspira en forma permanente a seguir innovando, a mejorar continuamente y a respaldar nuestro rumbo con acciones.<\/span><\/p>\n<h5>Una formaci\u00f3n en valores<\/h5>\n<p><span style=\"font-weight: 400;\">\u00a0Como comunidad educativa cat\u00f3lica, nuestra fortaleza radica en la humanizaci\u00f3n de la educaci\u00f3n, por lo que nuestros alumnos no s\u00f3lo disfrutan de una calidad acad\u00e9mica reconocida sino tambi\u00e9n de la conformaci\u00f3n de un perfil humano caracter\u00edstico.\u00a0<\/span><\/p>\n<h5>Una oferta educativa de calidad<\/h5>\n<p><span style=\"font-weight: 400;\">\u00a0Nuestros alumnos disfrutan de una curr\u00edcula seria y moderna, compuesta por una amplia gama de actividades que apuntan a su formaci\u00f3n integral en diversas habilidades y competencias.<\/span><\/p>\n<h5>Un entorno de alto valor educativo<\/h5>\n<p><span style=\"font-weight: 400;\">\u00a0La Iglesia Cristo Obrero y nuestro Colegio conforman un conjunto cultural complementario e indivisible, posicion\u00e1ndonos como una de las pocas comunidades educativas en el mundo insertas en un Patrimonio Mundial de la UNESCO, lo que junto a un ambiente tranquilo y natural, hacen de nuestro lugar un sitio propicio para el aprendizaje basado en proyectos en clave de protagonistas globales.<\/span><\/p>\n<h5>Un ambiente familiar<\/h5>\n<p><span style=\"font-weight: 400;\">\u00a0En nuestro Colegio, todos nos conocemos por nuestros nombres de pila. Nuestro proyecto pedag\u00f3gico, entre otros aspectos, se lleva adelante con una metodolog\u00eda de grupos reducidos, de un promedio de 15 estudiantes, a fin de que prevalezca la esencia de lo que en definitiva somos: una familia educativa rosarina.\u00a0<\/span><\/p>\n<h5>Una educaci\u00f3n progresiva<\/h5>\n<p><span style=\"font-weight: 400;\">\u00a0Desde los 2 a\u00f1os de edad hasta Secundaria, nuestros alumnos crecen haciendo de nuestras instalaciones su segunda casa. Nuestro proyecto educativo est\u00e1 coordinado para todos los niveles educativos, abriendo para el educando un camino continuo de desarrollo multidimensional.<\/span><\/p>\n<h5>Una infraestructura destacada<\/h5>\n<p><span style=\"font-weight: 400;\">\u00a0Contamos con m\u00e1s de 3.000 metros cuadrados de infraestructura, entre edificaciones, patios y cancha polideportiva. Nuestras aulas son amplias e iluminadas. Contamos con biblioteca, sala de computaci\u00f3n, sala de videoconferencias, sal\u00f3n multiuso con capacidad para proyecci\u00f3n en pantalla gigante, comedores, laboratorio, amplio patio interno, patio de huerta, patio de Educaci\u00f3n Inicial, jard\u00edn verde frontal.<\/span><\/p>\n<h5>Una agenda contempor\u00e1nea<\/h5>\n<p><span style=\"font-weight: 400;\">\u00a0Estamos comprometidos con la igualdad de oportunidades as\u00ed como tambi\u00e9n con el cuidado de nuestra casa com\u00fan, el planeta, promoviendo acciones de sensibilizaci\u00f3n en forma permanente. Nos encontramos adem\u00e1s desarrollando proyectos de educaci\u00f3n STEM y de estudio sobre el rol de las mujeres en la ciencia, a fin de inspirar en nuestras alumnas la no existencia de barreras de g\u00e9nero para la actividad cient\u00edfica.<\/span><\/p>\n<h5>Un equipo calificado y comprometido<\/h5>\n<p><span style=\"font-weight: 400;\">\u00a0Nuestros equipos docentes y no docentes encarnan en forma cabal los valores de la instituci\u00f3n, trabajando diariamente con gran compromiso en el cumplimiento de nuestro prop\u00f3sito. Todos los aspirantes a ocupar posiciones en nuestro equipo son cuidadosamente seleccionados por su calificaci\u00f3n no s\u00f3lo t\u00e9cnica sino fundamentalmente humana. Procuramos que cada uno de los miembros sea un inspirador de la alegr\u00eda, el est\u00edmulo y las buenas acciones que nuestros alumnos requieren.\u00a0<\/span><\/p>\n<h5>Una organizaci\u00f3n orientada a la persona<\/h5>\n<p><span style=\"font-weight: 400;\">\u00a0El funcionamiento diario de nuestra instituci\u00f3n, est\u00e1 pensado y se lleva adelante con la persona-alumno como centro, siendo el educando el principal destinatario de todos nuestros esfuerzos, anhelos y preocupaciones. Trabajamos con empat\u00eda para que nuestros alumnos reciban un servicio c\u00e1lido y de calidad cada d\u00eda, con un fuerte trabajo sobre aspectos como el cumplimiento de nuestros horarios de servicio, una adecuada comunicaci\u00f3n de nuestras acciones y una generaci\u00f3n de h\u00e1bitos que faciliten una experiencia excelente para nuestros usuarios. Adem\u00e1s, tenemos siempre presente a las familias de nuestros alumnos, mediante una comunicaci\u00f3n bidireccional permanente, emp\u00e1tica y responsable. Las familias reciben toda la informaci\u00f3n acerca del desempe\u00f1o de sus hijos en la instituci\u00f3n hasta el m\u00e1s m\u00ednimo detalle, as\u00ed como tambi\u00e9n estamos siempre dispuestos a una escucha activa personalizada para resolver cualquier planteo que las familias nos hagan.<\/span><\/p>\n<p>&nbsp;<\/p>\n\r\n    <div class=\"amazingslider-wrapper\" id=\"amazingslider-wrapper-3\" style=\"display:block;position:relative;max-width:1152px;margin:0px auto 98px;\">\r\n        <div class=\"amazingslider\" id=\"amazingslider-3\" style=\"display:block;position:relative;margin:0 auto;\">\r\n            <ul class=\"amazingslider-slides\" style=\"display:none;\">\r\n                <li><img decoding=\"async\" src=\"https:\/\/rosarinos.edu.uy\/wp-content\/uploads\/amazingslider\/3\/images\/c-001.png\" alt=\"c-001\"  title=\"c-001\" \/>\r\n                <\/li>\r\n                <li><img decoding=\"async\" src=\"https:\/\/rosarinos.edu.uy\/wp-content\/uploads\/amazingslider\/3\/images\/c-010.png\" alt=\"c-010\"  title=\"c-010\" \/>\r\n                <\/li>\r\n                <li><img decoding=\"async\" src=\"https:\/\/rosarinos.edu.uy\/wp-content\/uploads\/amazingslider\/3\/images\/c-020.png\" alt=\"c-020\"  title=\"c-020\" \/>\r\n                <\/li>\r\n                <li><img decoding=\"async\" src=\"https:\/\/rosarinos.edu.uy\/wp-content\/uploads\/amazingslider\/3\/images\/c-030.png\" alt=\"c-030\"  title=\"c-030\" \/>\r\n                <\/li>\r\n                <li><img decoding=\"async\" src=\"https:\/\/rosarinos.edu.uy\/wp-content\/uploads\/amazingslider\/3\/images\/c-040.png\" alt=\"c-040\"  title=\"c-040\" \/>\r\n                <\/li>\r\n                <li><img decoding=\"async\" src=\"https:\/\/rosarinos.edu.uy\/wp-content\/uploads\/amazingslider\/3\/images\/c-050.png\" alt=\"c-050\"  title=\"c-050\" \/>\r\n                <\/li>\r\n                <li><img decoding=\"async\" src=\"https:\/\/rosarinos.edu.uy\/wp-content\/uploads\/amazingslider\/3\/images\/c-060.png\" alt=\"c-060\"  title=\"c-060\" \/>\r\n                <\/li>\r\n                <li><img decoding=\"async\" src=\"https:\/\/rosarinos.edu.uy\/wp-content\/uploads\/amazingslider\/3\/images\/c-070.png\" alt=\"c-070\"  title=\"c-070\" \/>\r\n                <\/li>\r\n                <li><img decoding=\"async\" src=\"https:\/\/rosarinos.edu.uy\/wp-content\/uploads\/amazingslider\/3\/images\/c-080.png\" alt=\"c-080\"  title=\"c-080\" \/>\r\n                <\/li>\r\n                <li><img decoding=\"async\" src=\"https:\/\/rosarinos.edu.uy\/wp-content\/uploads\/amazingslider\/3\/images\/c-090.png\" alt=\"c-090\"  title=\"c-090\" \/>\r\n                <\/li>\r\n                <li><img decoding=\"async\" src=\"https:\/\/rosarinos.edu.uy\/wp-content\/uploads\/amazingslider\/3\/images\/c-100.png\" alt=\"c-100\"  title=\"c-100\" \/>\r\n                <\/li>\r\n                <li><img decoding=\"async\" src=\"https:\/\/rosarinos.edu.uy\/wp-content\/uploads\/amazingslider\/3\/images\/c-110.png\" alt=\"c-110\"  title=\"c-110\" \/>\r\n                <\/li>\r\n                <li><img decoding=\"async\" src=\"https:\/\/rosarinos.edu.uy\/wp-content\/uploads\/amazingslider\/3\/images\/c-120.png\" alt=\"c-120\"  title=\"c-120\" \/>\r\n                <\/li>\r\n                <li><img decoding=\"async\" src=\"https:\/\/rosarinos.edu.uy\/wp-content\/uploads\/amazingslider\/3\/images\/c-130.png\" alt=\"c-130\"  title=\"c-130\" \/>\r\n                <\/li>\r\n                <li><img decoding=\"async\" src=\"https:\/\/rosarinos.edu.uy\/wp-content\/uploads\/amazingslider\/3\/images\/c-140.png\" alt=\"c-140\"  title=\"c-140\" \/>\r\n                <\/li>\r\n            <\/ul>\r\n            <ul class=\"amazingslider-thumbnails\" style=\"display:none;\">\r\n                <li><img decoding=\"async\" src=\"https:\/\/rosarinos.edu.uy\/wp-content\/uploads\/amazingslider\/3\/images\/thumbnails\/c-001-tn.png\" alt=\"c-001\" title=\"c-001\" \/><\/li>\r\n                <li><img decoding=\"async\" src=\"https:\/\/rosarinos.edu.uy\/wp-content\/uploads\/amazingslider\/3\/images\/thumbnails\/c-010-tn.png\" alt=\"c-010\" title=\"c-010\" \/><\/li>\r\n                <li><img decoding=\"async\" src=\"https:\/\/rosarinos.edu.uy\/wp-content\/uploads\/amazingslider\/3\/images\/thumbnails\/c-020-tn.png\" alt=\"c-020\" title=\"c-020\" \/><\/li>\r\n                <li><img decoding=\"async\" src=\"https:\/\/rosarinos.edu.uy\/wp-content\/uploads\/amazingslider\/3\/images\/thumbnails\/c-030-tn.png\" alt=\"c-030\" title=\"c-030\" \/><\/li>\r\n                <li><img decoding=\"async\" src=\"https:\/\/rosarinos.edu.uy\/wp-content\/uploads\/amazingslider\/3\/images\/thumbnails\/c-040-tn.png\" alt=\"c-040\" title=\"c-040\" \/><\/li>\r\n                <li><img decoding=\"async\" src=\"https:\/\/rosarinos.edu.uy\/wp-content\/uploads\/amazingslider\/3\/images\/thumbnails\/c-050-tn.png\" alt=\"c-050\" title=\"c-050\" \/><\/li>\r\n                <li><img decoding=\"async\" src=\"https:\/\/rosarinos.edu.uy\/wp-content\/uploads\/amazingslider\/3\/images\/thumbnails\/c-060-tn.png\" alt=\"c-060\" title=\"c-060\" \/><\/li>\r\n                <li><img decoding=\"async\" src=\"https:\/\/rosarinos.edu.uy\/wp-content\/uploads\/amazingslider\/3\/images\/thumbnails\/c-070-tn.png\" alt=\"c-070\" title=\"c-070\" \/><\/li>\r\n                <li><img decoding=\"async\" src=\"https:\/\/rosarinos.edu.uy\/wp-content\/uploads\/amazingslider\/3\/images\/thumbnails\/c-080-tn.png\" alt=\"c-080\" title=\"c-080\" \/><\/li>\r\n                <li><img decoding=\"async\" src=\"https:\/\/rosarinos.edu.uy\/wp-content\/uploads\/amazingslider\/3\/images\/thumbnails\/c-090-tn.png\" alt=\"c-090\" title=\"c-090\" \/><\/li>\r\n                <li><img decoding=\"async\" src=\"https:\/\/rosarinos.edu.uy\/wp-content\/uploads\/amazingslider\/3\/images\/thumbnails\/c-100-tn.png\" alt=\"c-100\" title=\"c-100\" \/><\/li>\r\n                <li><img decoding=\"async\" src=\"https:\/\/rosarinos.edu.uy\/wp-content\/uploads\/amazingslider\/3\/images\/thumbnails\/c-110-tn.png\" alt=\"c-110\" title=\"c-110\" \/><\/li>\r\n                <li><img decoding=\"async\" src=\"https:\/\/rosarinos.edu.uy\/wp-content\/uploads\/amazingslider\/3\/images\/thumbnails\/c-120-tn.png\" alt=\"c-120\" title=\"c-120\" \/><\/li>\r\n                <li><img decoding=\"async\" src=\"https:\/\/rosarinos.edu.uy\/wp-content\/uploads\/amazingslider\/3\/images\/thumbnails\/c-130-tn.png\" alt=\"c-130\" title=\"c-130\" \/><\/li>\r\n                <li><img decoding=\"async\" src=\"https:\/\/rosarinos.edu.uy\/wp-content\/uploads\/amazingslider\/3\/images\/thumbnails\/c-140-tn.png\" alt=\"c-140\" title=\"c-140\" \/><\/li>\r\n            <\/ul>\r\n        <\/div>\r\n    <\/div>\r\n    <link rel=\"stylesheet\" type=\"text\/css\" href=\"https:\/\/rosarinos.edu.uy\/wp-content\/uploads\/amazingslider\/3\/sliderengine\/amazingslider.css\">\n<script src=\"https:\/\/rosarinos.edu.uy\/wp-content\/uploads\/amazingslider\/3\/sliderengine\/initslider.js\"><\/script>\n\n","protected":false},"excerpt":{"rendered":"<p>Nuestra identidad como Colegio se compone de la suma de distintos aspectos que nos hacen una instituci\u00f3n educativa con caracter\u00edsticas propias, donde toda la comunidad educativa vive una experiencia \u00fanica. Una apreciada trayectoria \u00a0En 1895, Monse\u00f1or Jos\u00e9 Orzali puso la piedra fundamental de nuestro proyecto educativo cat\u00f3lico. Desde 1964 estamos en la Costa de Oro, &hellip; <a href=\"https:\/\/rosarinos.edu.uy\/index.php\/colegio\/\" class=\"more-link\">Continue reading<span class=\"screen-reader-text\"> \u00abColegio\u00bb<\/span><\/a><\/p>\n","protected":false},"author":1,"featured_media":0,"parent":0,"menu_order":0,"comment_status":"closed","ping_status":"closed","template":"","meta":{"footnotes":""},"class_list":["post-141","page","type-page","status-publish","hentry"],"yoast_head":"<!-- This site is optimized with the Yoast SEO plugin v27.4 - https:\/\/yoast.com\/product\/yoast-seo-wordpress\/ -->\n<title>Colegio - Colegio Nuestra Se\u00f1ora del Rosario<\/title>\n<meta name=\"robots\" content=\"index, follow, max-snippet:-1, max-image-preview:large, max-video-preview:-1\" \/>\n<link rel=\"canonical\" href=\"https:\/\/rosarinos.edu.uy\/index.php\/colegio\/\" \/>\n<meta property=\"og:locale\" content=\"es_ES\" \/>\n<meta property=\"og:type\" content=\"article\" \/>\n<meta property=\"og:title\" content=\"Colegio - Colegio Nuestra Se\u00f1ora del Rosario\" \/>\n<meta property=\"og:description\" content=\"Nuestra identidad como Colegio se compone de la suma de distintos aspectos que nos hacen una instituci\u00f3n educativa con caracter\u00edsticas propias, donde toda la comunidad educativa vive una experiencia \u00fanica. Una apreciada trayectoria \u00a0En 1895, Monse\u00f1or Jos\u00e9 Orzali puso la piedra fundamental de nuestro proyecto educativo cat\u00f3lico. Desde 1964 estamos en la Costa de Oro, &hellip; Continue reading &quot;Colegio&quot;\" \/>\n<meta property=\"og:url\" content=\"https:\/\/rosarinos.edu.uy\/index.php\/colegio\/\" \/>\n<meta property=\"og:site_name\" content=\"Colegio Nuestra Se\u00f1ora del Rosario\" \/>\n<meta property=\"article:modified_time\" content=\"2021-09-17T17:20:09+00:00\" \/>\n<meta name=\"twitter:card\" content=\"summary_large_image\" \/>\n<meta name=\"twitter:label1\" content=\"Tiempo de lectura\" \/>\n\t<meta name=\"twitter:data1\" content=\"3 minutos\" \/>\n<script type=\"application\/ld+json\" class=\"yoast-schema-graph\">{\"@context\":\"https:\\\/\\\/schema.org\",\"@graph\":[{\"@type\":\"WebPage\",\"@id\":\"https:\\\/\\\/rosarinos.edu.uy\\\/index.php\\\/colegio\\\/\",\"url\":\"https:\\\/\\\/rosarinos.edu.uy\\\/index.php\\\/colegio\\\/\",\"name\":\"Colegio - Colegio Nuestra Se\u00f1ora del Rosario\",\"isPartOf\":{\"@id\":\"https:\\\/\\\/rosarinos.edu.uy\\\/#website\"},\"datePublished\":\"2021-09-06T18:59:14+00:00\",\"dateModified\":\"2021-09-17T17:20:09+00:00\",\"breadcrumb\":{\"@id\":\"https:\\\/\\\/rosarinos.edu.uy\\\/index.php\\\/colegio\\\/#breadcrumb\"},\"inLanguage\":\"es\",\"potentialAction\":[{\"@type\":\"ReadAction\",\"target\":[\"https:\\\/\\\/rosarinos.edu.uy\\\/index.php\\\/colegio\\\/\"]}]},{\"@type\":\"BreadcrumbList\",\"@id\":\"https:\\\/\\\/rosarinos.edu.uy\\\/index.php\\\/colegio\\\/#breadcrumb\",\"itemListElement\":[{\"@type\":\"ListItem\",\"position\":1,\"name\":\"Home\",\"item\":\"https:\\\/\\\/rosarinos.edu.uy\\\/\"},{\"@type\":\"ListItem\",\"position\":2,\"name\":\"Colegio\"}]},{\"@type\":\"WebSite\",\"@id\":\"https:\\\/\\\/rosarinos.edu.uy\\\/#website\",\"url\":\"https:\\\/\\\/rosarinos.edu.uy\\\/\",\"name\":\"Colegio Nuestra Se\u00f1ora del Rosario\",\"description\":\"Nuestra identidad como Colegio se compone de la suma de distintos aspectos que nos hacen una instituci\u00f3n educativa con caracter\u00edsticas propias, donde toda la comunidad educativa vive una experiencia \u00fanica.\",\"potentialAction\":[{\"@type\":\"SearchAction\",\"target\":{\"@type\":\"EntryPoint\",\"urlTemplate\":\"https:\\\/\\\/rosarinos.edu.uy\\\/?s={search_term_string}\"},\"query-input\":{\"@type\":\"PropertyValueSpecification\",\"valueRequired\":true,\"valueName\":\"search_term_string\"}}],\"inLanguage\":\"es\"}]}<\/script>\n<!-- \/ Yoast SEO plugin. -->","yoast_head_json":{"title":"Colegio - Colegio Nuestra Se\u00f1ora del Rosario","robots":{"index":"index","follow":"follow","max-snippet":"max-snippet:-1","max-image-preview":"max-image-preview:large","max-video-preview":"max-video-preview:-1"},"canonical":"https:\/\/rosarinos.edu.uy\/index.php\/colegio\/","og_locale":"es_ES","og_type":"article","og_title":"Colegio - Colegio Nuestra Se\u00f1ora del Rosario","og_description":"Nuestra identidad como Colegio se compone de la suma de distintos aspectos que nos hacen una instituci\u00f3n educativa con caracter\u00edsticas propias, donde toda la comunidad educativa vive una experiencia \u00fanica. Una apreciada trayectoria \u00a0En 1895, Monse\u00f1or Jos\u00e9 Orzali puso la piedra fundamental de nuestro proyecto educativo cat\u00f3lico. Desde 1964 estamos en la Costa de Oro, &hellip; Continue reading \"Colegio\"","og_url":"https:\/\/rosarinos.edu.uy\/index.php\/colegio\/","og_site_name":"Colegio Nuestra Se\u00f1ora del Rosario","article_modified_time":"2021-09-17T17:20:09+00:00","twitter_card":"summary_large_image","twitter_misc":{"Tiempo de lectura":"3 minutos"},"schema":{"@context":"https:\/\/schema.org","@graph":[{"@type":"WebPage","@id":"https:\/\/rosarinos.edu.uy\/index.php\/colegio\/","url":"https:\/\/rosarinos.edu.uy\/index.php\/colegio\/","name":"Colegio - Colegio Nuestra Se\u00f1ora del Rosario","isPartOf":{"@id":"https:\/\/rosarinos.edu.uy\/#website"},"datePublished":"2021-09-06T18:59:14+00:00","dateModified":"2021-09-17T17:20:09+00:00","breadcrumb":{"@id":"https:\/\/rosarinos.edu.uy\/index.php\/colegio\/#breadcrumb"},"inLanguage":"es","potentialAction":[{"@type":"ReadAction","target":["https:\/\/rosarinos.edu.uy\/index.php\/colegio\/"]}]},{"@type":"BreadcrumbList","@id":"https:\/\/rosarinos.edu.uy\/index.php\/colegio\/#breadcrumb","itemListElement":[{"@type":"ListItem","position":1,"name":"Home","item":"https:\/\/rosarinos.edu.uy\/"},{"@type":"ListItem","position":2,"name":"Colegio"}]},{"@type":"WebSite","@id":"https:\/\/rosarinos.edu.uy\/#website","url":"https:\/\/rosarinos.edu.uy\/","name":"Colegio Nuestra Se\u00f1ora del Rosario","description":"Nuestra identidad como Colegio se compone de la suma de distintos aspectos que nos hacen una instituci\u00f3n educativa con caracter\u00edsticas propias, donde toda la comunidad educativa vive una experiencia \u00fanica.","potentialAction":[{"@type":"SearchAction","target":{"@type":"EntryPoint","urlTemplate":"https:\/\/rosarinos.edu.uy\/?s={search_term_string}"},"query-input":{"@type":"PropertyValueSpecification","valueRequired":true,"valueName":"search_term_string"}}],"inLanguage":"es"}]}},"_links":{"self":[{"href":"https:\/\/rosarinos.edu.uy\/index.php\/wp-json\/wp\/v2\/pages\/141","targetHints":{"allow":["GET"]}}],"collection":[{"href":"https:\/\/rosarinos.edu.uy\/index.php\/wp-json\/wp\/v2\/pages"}],"about":[{"href":"https:\/\/rosarinos.edu.uy\/index.php\/wp-json\/wp\/v2\/types\/page"}],"author":[{"embeddable":true,"href":"https:\/\/rosarinos.edu.uy\/index.php\/wp-json\/wp\/v2\/users\/1"}],"replies":[{"embeddable":true,"href":"https:\/\/rosarinos.edu.uy\/index.php\/wp-json\/wp\/v2\/comments?post=141"}],"version-history":[{"count":6,"href":"https:\/\/rosarinos.edu.uy\/index.php\/wp-json\/wp\/v2\/pages\/141\/revisions"}],"predecessor-version":[{"id":783,"href":"https:\/\/rosarinos.edu.uy\/index.php\/wp-json\/wp\/v2\/pages\/141\/revisions\/783"}],"wp:attachment":[{"href":"https:\/\/rosarinos.edu.uy\/index.php\/wp-json\/wp\/v2\/media?parent=141"}],"curies":[{"name":"wp","href":"https:\/\/api.w.org\/{rel}","templated":true}]}}